ommon factor of 34451120 and 79376.
1936
What is the highest common divisor of 13267 and 347?
1
Calculate the highest common factor of 705320267 and 3307.
3307
Calculate the highest common factor of 2074863 and 48923.
203
Calculate the greatest common factor of 888907 and 950366.
1499
Calculate the highest common divisor of 1300635 and 9835.
35
Calculate the greatest common factor of 234 and 74081202.
78
Calculate the highest common divisor of 475 and 3475499.
19
Calculate the highest common divisor of 10040 and 1507255.
1255
Calculate the greatest common factor of 242870 and 266710.
1490
Calculate the highest common divisor of 3863335 and 430.
215
What is the greatest common divisor of 605685720 and 5692?
5692
What is the greatest common divisor of 16575 and 4430829?
663
What is the greatest common divisor of 76 and 7804326?
38
Calculate the highest common divisor of 65728888 and 8.
8
What is the highest common factor of 24015 and 325603375?
8005
What is the greatest common factor of 7706790 and 2880?
90
Calculate the greatest common divisor of 6 and 187672290.
6
What is the greatest common factor of 25635 and 5227831?
1709
What is the highest common factor of 11268 and 94194?
18
Calculate the highest common factor of 40230 and 56880.
90
Calculate the highest common divisor of 17976517 and 2379.
793
What is the highest common factor of 49900690 and 7175?
1435
What is the highest common divisor of 657738125 and 6598?
3299
Calculate the greatest common divisor of 74162450 and 25.
25
Calculate the greatest common divisor of 1734075 and 5103.
189
Calculate the highest common factor of 1544 and 6692468.
772
Calculate the highest common divisor of 23408 and 105812.
28
What is the highest common divisor of 7064134 and 2849?
77
What is the greatest common divisor of 3008 and 1729224?
376
What is the highest common divisor of 25631122 and 44?
22
Calculate the highest common divisor of 10680 and 2674895.
445
Calculate the greatest common divisor of 2795462 and 484866.
5986
What is the highest common divisor of 21489 and 525369?
741
Calculate the highest common divisor of 487 and 327977455.
487
What is the greatest common factor of 1826721338 and 676?
338
Calculate the greatest common divisor of 9077380 and 1040.
260
What is the highest common factor of 2820 and 511388670?
1410
Calculate the highest common factor of 24858479 and 59318.
4237
Calculate the highest common divisor of 336 and 5277405.
21
What is the greatest common divisor of 8807 and 1184796903?
8807
What is the greatest common factor of 2975763 and 354039?
483
Calculate the greatest common divisor of 62085558 and 1084.
542
Calculate the highest common divisor of 2355996 and 18348.
12
Calculate the greatest common divisor of 15312 and 138578704.
5104
Calculate the highest common divisor of 777 and 127258614.
777
What is the highest common divisor of 19450 and 2005?
5
Calculate the greatest common factor of 908453 and 7035.
469
Calculate the highest common factor of 250641 and 91692.
27
What is the highest common factor of 1452632 and 593208?
856
What is the greatest common factor of 7540 and 2401165?
65
What is the greatest common factor of 11586069 and 8019?
99
What is the highest common divisor of 850 and 25325818?
34
What is the highest common factor of 114692720 and 115?
115
What is the highest common factor of 6292 and 2431132?
484
What is the highest common divisor of 253 and 1661?
11
Calculate the greatest common divisor of 1164500 and 1088.
68
Calculate the greatest common divisor of 33262191 and 54.
27
What is the highest common divisor of 152 and 23579532?
76
Calculate the highest common factor of 1040438 and 254.
2
What is the highest common factor of 5010 and 78990?
30
What is the highest common factor of 36474547 and 1537?
1537
Calculate the highest common divisor of 6352 and 139024.
16
What is the highest common divisor of 256 and 206025216?
256
Calculate the greatest common factor of 144335790 and 810.
270
Calculate the greatest common factor of 914964 and 58178.
38
Calculate the greatest common factor of 15216 and 102876.
12
What is the highest common divisor of 147422 and 1782?
22
Calculate the greatest common factor of 123968 and 206812.
596
What is the highest common divisor of 1268727 and 969?
51
Calculate the greatest common divisor of 10030441 and 2553.
37
What is the greatest common divisor of 51541371 and 252?
63
Calculate the highest common divisor of 2810 and 3631490.
10
What is the highest common factor of 1421 and 5987555?
49
Calculate the highest common divisor of 1709000 and 178000.
1000
What is the highest common factor of 19575 and 46342725?
2175
What is the greatest common factor of 400 and 2888825?
25
Calculate the highest common factor of 1656 and 7161786.
414
What is the greatest common divisor of 25855 and 2670?
5
What is the highest common factor of 2439271663 and 139?
139
Calculate the greatest common factor of 520 and 12312365.
65
Calculate the highest common factor of 289 and 705294096.
289
Calculate the highest common factor of 43044055 and 2665.
205
Calculate the highest common divisor of 4088 and 9537696.
56
Calculate the greatest common divisor of 3780 and 27659520.
1260
Calculate the greatest common factor of 192640 and 285520.
3440
What is the greatest common divisor of 9485309 and 82?
41
Calculate the highest common factor of 1582488 and 136152.
2232
What is the highest common factor of 60141427 and 68?
17
What is the highest common factor of 90 and 2099805?
15
What is the highest common divisor of 258913889 and 39?
13
What is the highest common divisor of 6071 and 372199?
467
What is the highest common divisor of 360 and 6076530?
90
Calculate the greatest common divisor of 180 and 13750340.
20
What is the highest common divisor of 1905 and 2667870?
15
Calculate the greatest common factor of 486 and 2110906494.
486
What is the highest common divisor of 970369 and 261?
29
What is the greatest common factor of 32491 and 1357?
1
Calculate the highest common divisor of 110 and 14724688.
22
What is the greatest common divisor of 99778491 and 306?
153
What is the highest common factor of 92 and 87320098?
46
Calculate the highest common divisor of 72 and 48603690.
18
What is the greatest common divisor of 6512236 and 48?
4
Calculate the greatest common factor of 158810 and 670.
10
Calculate the greatest common factor of 68 and 1522335958.
34
What is the greatest common divisor of 1072 and 585878016?
1072
What is the greatest common divisor of 1079 and 47170643?
1079
What is the greatest common factor of 456505 and 8365?
35
What is the highest common factor of 25789 and 40038181?
1517
Calculate the greatest common factor of 117249745 and 115.
115
Calculate the highest common divisor of 29545 and 1341965.
1555
What is the highest common divisor of 1981500 and 2580?
60
Calculate the greatest common factor of 905469 and 46104.
339
What is the highest common divisor of 805 and 5523105?
805
Calculate the greatest common factor of 17124 and 54576.
12
Calculate the greatest common divisor of 83799568 and 16.
16
Calculate the greatest common factor of 23654275 and 4575.
1525
What is the greatest common factor of 6256275983 and 107?
107
What is the highest common divisor of 42 and 359702?
14
What is the highest common divisor of 44223 and 7104?
3
Calculate the greatest common divisor of 2590481 and 249047.
1961
What is the highest common divisor of 92856 and 17013?
159
Calculate the highest common divisor of 5378128 and 252487.
1549
What is the greatest common factor of 399310 and 33215?
365
What is the greatest common factor of 1241 and 1083529?
17
Calculate the highest common factor of 431242 and 1750.
14
Calculate the greatest common factor of 4005532 and 8.
4
What is the greatest common factor of 15120 and 35822640?
1680
What is the highest common factor of 76588 and 28954?
934
What is the greatest common divisor of 4956877 and 7871?
17
What is the greatest common divisor of 104 and 80983812?
52
Calculate the highest common factor of 30 and 35014840.
10
What is the greatest common divisor of 503 and 4035569?
503
Calculate the greatest common factor of 15876 and 120447.
81
What is the greatest common divisor of 2 and 2214661?
1
What is the greatest com